- 6627. List the prime factors of r.
2, 17, 113
Let x be 1/((-3)/(-9)) - 7. Let m be (x + 2)*6/4. List the prime factors of (-70)/(-6) - m/9.
2, 3
Let x(z) = 3*z**3 + z**2 - 6*z - 1. Let f be x(-5). List the prime factors of (-1)/(1608/f - -5).
107
Suppose 4*k - 12 = 3*b + 5, -k = b - 6. List the prime factors of k/(-2)*(1 + -5).
2, 5
Suppose -3*r = -2*j - 3815, 1267 = r - 0*j + 4*j. What are the prime factors of r?
31, 41
Suppose -3*n = 5*h - 2*h + 405, -h = -2*n - 273. Let s = n + 271. Suppose 7*g - 2*g = s. What are the prime factors of g?
3
Let g(i) = 13*i - 2. Suppose o + 8 = 3*a, -a + 4*o = 3*a. Suppose 5*n + 22 = 2*z, 0*z + a*n + 17 = z. List the prime factors of g(z).
11
Let j = 56 - -85. Suppose 5*h = j + 794. List the prime factors of h.
11, 17
Let f(u) = -u**3 - 9*u**2 - 9*u + 3. Let q be f(-8). Suppose q - 26 = -5*p. Suppose 5*a = p*j + a - 62, -3*a = 3*j - 27. What are the prime factors of j?
2, 7
Let p = -16 - -21. Suppose 8 = -s - 3*z - 54, 4*z - 405 = p*s. Let i = -19 - s. List the prime factors of i.
2, 29
Let s = 264 - 60. Suppose 0*v = -3*v + s. List the prime factors of v.
2, 17
Let x = 10 - 9. Let z = x + 1. Suppose -5*c + 197 - 47 = 5*q, 0 = z*q - 6. List the prime factors of c.
3
Suppose 2354 = 6*o - 10432. List the prime factors of o.
2131
Let b = 737 - 439. Let t = 465 - b. What are the prime factors of t?
167
What are the prime factors of -3 - ((4 - 12) + -3598 + 2)?
13, 277
Let r be (-4)/((-11)/(66/8)). Suppose -2*l + 2*t = -538, r*l - 2*l = -t + 263. List the prime factors of l.
2, 7, 19
Let v(f) = 33*f + 35. Let t(y) = 66*y + 68. Let k(c) = -4*t(c) + 9*v(c). What are the prime factors of k(6)?
241
Let b = -147 - -320. What are the prime factors of b?
173
Suppose -310 = 3*d - 5*m, -m + 3*m + 96 = -d. Let s = -180 - d. Let y = 113 + s. List the prime factors of y.
3, 11
Suppose -2 = -3*s + 1. Let v(i) = 4*i + 20. Let c be v(-12). What are the prime factors of s - (-6)/2 - c?
2
List the prime factors of (455200/1400)/(1/14).
2, 569
Suppose -2*i = -293 - 39. Let m = i - 37. Suppose m = 13*n - 10*n. List the prime factors of n.
43
Let c be (-4)/(-1)*22/(-4). Let o = 44 + c. What are the prime factors of o?
2, 11
Let u = -222 - -518. What are the prime factors of u?
2, 37
Suppose 12*b + 3*b - 17025 = 0. List the prime factors of b.
5, 227
Suppose 9*p = 14*p. Suppose -9*z + 468 = -p. What are the prime factors of z?
2, 13
Let o(a) = -12*a - 3. Let j(p) = -11*p - 2. Let b(l) = -6*j(l) + 5*o(l). Let t be b(6). Let i = t + -19. What are the prime factors of i?
2, 7
Suppose 12*r + 490 = 13*r. Suppose -r = -2*d - 3*d. List the prime factors of d.
2, 7
Let o(p) = p**3 - 8*p**2 + 17*p - 7. What are the prime factors of o(5)?
3
Let f be (-1 - -12) + -1 + 4. Suppose 0 = 3*l + 2 - f. Suppose 3*b + 7 = l*v + 71, 5*v = -5*b + 60. List the prime factors of b.
2
Let d(o) = 14*o - 14. Let i(h) = -9*h + 9. Let y(n) = -n**3 - 8*n**2 - 2*n - 11. Let j be y(-8). Let s(b) = j*d(b) + 7*i(b). List the prime factors of s(4).
3, 7
Let s be (0 - 1)*(3 - 2)*-4. Suppose -3*q = -s*i + 1036, 5*q + 1300 = -0*i + 5*i. What are the prime factors of i?
2
Suppose 7*q - 13*q = -1968. What are the prime factors of q?
2, 41
Let t be (2/6)/(17/102). Suppose -6*j - 5*p = -2*j - 360, -t*j + 3*p = -180. List the prime factors of j.
2, 3, 5
Suppose -2*v + 4196 = -4*n, -32*n + 34*n = 5*v - 10482. List the prime factors of v.
2, 131
What are the prime factors of 2018/3*(-2)/(-12)*18?
2, 1009
Let j = 47 - 9. Suppose 0 = -z - 4*w + 73, j = -2*z - 3*w + 174. What are the prime factors of z?
5, 13
List the prime factors of (12/(-36))/((-75563)/(-12594) - 6).
2, 2099
Let g(v) be the second derivative of -v**5/20 + 5*v**4/6 - 5*v**3/6 - 9*v**2/2 - v. Let h = -32 - -41. List the prime factors of g(h).
3
Let k be (-5 + -5)*3/(-5). Let x(h) = 2*h - 10. Let m be x(k). Suppose -q = 4*b, -6*q + 3*q - m*b + 10 = 0. List the prime factors of q.
2
Let s(r) = 80*r - 4. Let t be s(1). Suppose 5*w - t = 4*z, -5*w + 0*z = -z - 64. List the prime factors of w.
2, 3
Let f(n) = -4*n**2 + n - 1. Let a be f(1). Let o(t) = -8*t - 8. Let b be o(a). Suppose -y - y = -b. List the prime factors of y.
2, 3
Suppose -p + 5 = 0, 2*p + 55 = d + p. Suppose d + 28 = 2*j. What are the prime factors of 278/5 - j/(-110)?
2, 7
Let n(i) = i**3 + 9*i**2 - 9*i. Let o(q) = -q**2 + 7*q + 9. Let b be o(9). List the prime factors of n(b).
3
Suppose -4*b = 2*a - 10, 0 = -2*a - 5*b + 4 + 7. Let f = -54 - -106. Suppose -a*h - 102 = -3*d, 2*h = -3*d + f + 35. What are the prime factors of d?
31
What are the prime factors of ((-6)/10)/((-501)/1176515)?
1409
Let h = 64 + -58. Suppose 21 = x - 3*f, -h - 78 = -4*x + 3*f. What are the prime factors of x?
3, 7
Let n = -8451 + 11871. List the prime factors of n.
2, 3, 5, 19
Let n be (0/((-3)/(-1)))/2. Suppose n = 5*w + 5*c - 111 - 94, 129 = 4*w - 3*c. List the prime factors of w.
2, 3
Let o = -1394 + 4122. List the prime factors of o.
2, 11, 31
Let o(x) = 359*x**2 + 34*x + 156. What are the prime factors of o(-4)?
2, 11, 131
Let a(n) = 7*n**2 + 3*n + 2. Let b be a(-1). Let g be (5 - (-2 - -3))/2. Suppose -b*s + 60 = -g*s. List the prime factors of s.
3, 5
Let v = 263 - 172. Suppose 2*r - 73 = v. List the prime factors of r.
2, 41
Let v(m) = 5*m + 2. Let t(q) = -10*q - 4. Let g(d) = -2*t(d) - 5*v(d). Let b be g(-3). Suppose 0 = 2*p - 47 - b. What are the prime factors of p?
2, 3, 5
What are the prime factors of 1632/18 - 12/18?
2, 3, 5
Suppose 4*j + 68 = 860. Suppose 4*i = -0*i - t + j, -3*i - 4*t + 155 = 0. List the prime factors of i.
7
List the prime factors of 274 - 2 - (-42)/(-6).
5, 53
Suppose b = -4*b + 245. Let g = 50 + b. List the prime factors of g.
3, 11
Suppose 6 = -2*d + 4*d. Suppose 0 = -8*f + d*f. Suppose 4*j + 11 = -3*g, f*g - 2 = g + j. List the prime factors of g.
3
Suppose -6*v = -3*v + 2*v. Suppose v = -o - 2*r - r + 124, -o - 4*r + 121 = 0. What are the prime factors of o?
7, 19
Suppose 2*g = 344 + 516. List the prime factors of g.
2, 5, 43
Let z(r) be the first derivative of r**2/2 + r - 21. Let c = 1 - -3. What are the prime factors of z(c)?
5
Let w = 2378 + -1868. List the prime factors of w.
2, 3, 5, 17
Let v = -3513 - -5304. List the prime factors of v.
3, 199
Let x = -21 - 8. Let w(g) = 17*g**2 - g. Let h be w(2). Let d = x + h. List the prime factors of d.
37
Suppose -2*s + 122 = x - 51, -3*x = -5*s + 416. Suppose p = 2*p - s. Let d = p - 61. What are the prime factors of d?
2, 3
Let z(m) be the first derivative of m**5/20 - m**4/12 - m**3 - 4*m**2 - 6. Let c(i) be the second derivative of z(i). What are the prime factors of c(-4)?
2, 5
Suppose -6 = -3*x - 0*x, 0 = -5*a - 3*x + 2871. What are the prime factors of a?
3, 191
Let z(w) be the first derivative of w**3/3 + w**2 + 15*w - 13. List the prime factors of z(0).
3, 5
Suppose -2*x - 8715 = -5*i - 7*x, 5*i = 3*x + 8699. List the prime factors of i.
1741
Suppose 0 = 23*x - 20*x - 696. Suppose -2*y + 4*a + x = 0, 3*y + 110 = 4*y + 4*a. What are the prime factors of y?
2, 3, 19
Let t = 22 - 12. Suppose -2*q - 16 = -5*k, -3*k = -q - t - 0. Suppose -137 = -5*s + 3*l, q*l + 52 = 2*s - 2*l. List the prime factors of s.
2, 7
Let p = -1263 + 1815. Suppose 3*f + 3*t + 0*t - 414 = 0, 5*t + p = 4*f. List the prime factors of f.
2, 3, 23
Suppose 0 = -2*l - 5*a + 479 + 16, -a + 981 = 4*l. What are the prime factors of l?
5, 7
What are the prime factors of (-3*(-10)/(-75))/((-2)/2305)?
461
Let r(x) = 2*x**3 + 2*x**2 - 5*x - 26. List the prime factors of r(7).
3, 241
Let c = -31 - -63. Suppose -a + 77 = -c. List the prime factors of a.
109
Suppose -6*w = -2*w + 5*h - 14414, -4*w = 4*h - 14416. What are the prime factors of w?
2, 3, 601
Suppose -5*a + 13*a = 3936. List the prime factors of a.
2, 3, 41
What are the prime factors of 1839/9*(7 + (-4 - -6))?
3, 613
Let j(l) = -l**3 - 3*l**2 + 6*l + 2. Let o be j(-4). Let q(n) = -n**2 - 14*n - 3. What are the prime factors of q(o)?
3, 5
Let r(x) = -x**3 + 4*x**2 + 5*x + 4. Let k be 10 + 7/((-14)/(-6)). Suppose -d = 4*g + 5, 3*d = 4*g + k + 4. List the prime factors of r(g).
2, 3
Let n = 30 - 24. Suppose -n*q = -3*q - 240. List the prime factors of q.
2, 5
Let v = 511 + -112. Suppose -4*x + v - 103 = 0. Let j = x - 32. List the prime factors of j.
2, 3, 7
Let i